{"id":5001,"date":"2017-10-01T02:09:58","date_gmt":"2017-10-01T00:09:58","guid":{"rendered":"http:\/\/explainas.com\/?post_type=avada_faq&#038;p=5001"},"modified":"2017-10-21T02:09:26","modified_gmt":"2017-10-21T00:09:26","slug":"ich-habe-noch-nie-visualisierung-eingesetzt","status":"publish","type":"avada_faq","link":"https:\/\/explainas.com\/de\/faq-items\/ich-habe-noch-nie-visualisierung-eingesetzt\/","title":{"rendered":"Ich habe noch nie Visualisierung eingesetzt. Was mu\u00df ich wissen?"},"content":{"rendered":"<p>Visualisierung ist nicht mehr wegzudenken, wenn \u00fcbergreifend zwischen Organisationen, Branchen oder Themen, \u00fcber funktionelle als auch organisatorische Grenzen hinweg, zwischen Sprachen und Kulturen Br\u00fccken gebaut werden m\u00fcssen. Sie n\u00fctzt dann, wenn wir L\u00f6sungen und Verst\u00e4ndnis schaffen wollen.<br \/>\nDas Finden einer gemeinsamen Sprache ist entscheidend. Und was w\u00e4re besser geeignet als ein Bild? Es entbehrt der Sprache, l\u00e4sst auch Aspekte wie Intuition und Emotion nicht zu kurz kommen, und f\u00f6rdert kollektive Intelligenz. Prompt entstehen Assoziationen, Metaphern, neue Sichtweisen und Perspektiven, die neue L\u00f6sungen bieten. Und sie bef\u00f6rdert wichtige Aspekte ans Tageslicht, die in rein linearer oder verst\u00e4rkt kognitiver Arbeitsweise in aller Regel nicht ans Licht kommen.<br \/>\nWir wissen, es braucht Mut, dies zum ersten Mal einzusetzen und zu buchen. Wir beraten und betreuen Sie bei diesen Schritten. <a href=\"http:\/\/explainas.com\/de\/anfrage-kontakt\/\">Erz\u00e4hlen Sie uns von Ihrer Herausforderung!<\/a><\/p>\n","protected":false},"excerpt":{"rendered":"<p>Visualisierung ist nicht mehr wegzudenken, wenn \u00fcbergreifend zwischen Organisationen, Branchen oder Themen, \u00fcber funktionelle als auch organisatorische Grenzen hinweg, zwischen Sprachen und Kulturen Br\u00fccken gebaut werden m\u00fcssen. Sie n\u00fctzt dann, wenn wir L\u00f6sungen und Verst\u00e4ndnis schaffen wollen. Das Finden einer gemeinsamen Sprache ist entscheidend. Und was w\u00e4re besser geeignet als ein Bild? Es entbehrt der  [&#8230;]<\/p>\n","protected":false},"author":2,"featured_media":0,"menu_order":0,"template":"","format":"standard","meta":{"footnotes":""},"faq_category":[40],"class_list":["post-5001","avada_faq","type-avada_faq","status-publish","format-standard","hentry","faq_category-visualisierung"],"_links":{"self":[{"href":"https:\/\/explainas.com\/de\/wp-json\/wp\/v2\/avada_faq\/5001","targetHints":{"allow":["GET"]}}],"collection":[{"href":"https:\/\/explainas.com\/de\/wp-json\/wp\/v2\/avada_faq"}],"about":[{"href":"https:\/\/explainas.com\/de\/wp-json\/wp\/v2\/types\/avada_faq"}],"author":[{"embeddable":true,"href":"https:\/\/explainas.com\/de\/wp-json\/wp\/v2\/users\/2"}],"version-history":[{"count":1,"href":"https:\/\/explainas.com\/de\/wp-json\/wp\/v2\/avada_faq\/5001\/revisions"}],"predecessor-version":[{"id":5002,"href":"https:\/\/explainas.com\/de\/wp-json\/wp\/v2\/avada_faq\/5001\/revisions\/5002"}],"wp:attachment":[{"href":"https:\/\/explainas.com\/de\/wp-json\/wp\/v2\/media?parent=5001"}],"wp:term":[{"taxonomy":"faq_category","embeddable":true,"href":"https:\/\/explainas.com\/de\/wp-json\/wp\/v2\/faq_category?post=5001"}],"curies":[{"name":"wp","href":"https:\/\/api.w.org\/{rel}","templated":true}]}}

Ich habe noch nie Visualisierung eingesetzt. Was muß ich wissen?

<p>Visualisierung ist nicht mehr wegzudenken, wenn übergreifend zwischen Organisationen, Branchen oder Themen, über funktionelle als auch organisatorische Grenzen hinweg, zwischen Sprachen und Kulturen Brücken gebaut werden müssen. Sie nützt dann, wenn wir Lösungen und Verständnis schaffen wollen.<br />
Das Finden einer gemeinsamen Sprache ist entscheidend. Und was wäre besser geeignet als ein Bild? Es entbehrt der Sprache, lässt auch Aspekte wie Intuition und Emotion nicht zu kurz kommen, und fördert kollektive Intelligenz. Prompt entstehen Assoziationen, Metaphern, neue Sichtweisen und Perspektiven, die neue Lösungen bieten. Und sie befördert wichtige Aspekte ans Tageslicht, die in rein linearer oder verstärkt kognitiver Arbeitsweise in aller Regel nicht ans Licht kommen.<br />
Wir wissen, es braucht Mut, dies zum ersten Mal einzusetzen und zu buchen. Wir beraten und betreuen Sie bei diesen Schritten. <a href="http://explainas.com/de/anfrage-kontakt/">Erzählen Sie uns von Ihrer Herausforderung!</a></p>

<p>Visualisierung ist nicht mehr wegzudenken, wenn übergreifend zwischen Organisationen, Branchen oder Themen, über funktionelle als auch organisatorische Grenzen hinweg, zwischen Sprachen und Kulturen Brücken gebaut werden müssen. Sie nützt dann, wenn wir Lösungen und Verständnis schaffen wollen. Das Finden einer gemeinsamen Sprache ist entscheidend. Und was wäre besser geeignet als ein Bild? Es entbehrt der  [&#8230;]</p>
